z - 8 = 9*m. Calculate l(m).
-4
Let a(l) = l**3 + l**2 + l + 1. Suppose -71 + 89 = -9*o. Determine a(o).
-5
Let f(i) = 7*i - 5. Let u be f(2). Let y(l) = 3*l**3 - 4 - l**3 - u*l**2 + 2*l + 5*l**2. Calculate y(3).
20
Let f(w) be the third derivative of w**5/60 + 3*w**4/8 + 3*w**3/2 + 4*w**2 - 17*w. Determine f(-10).
19
Suppose 0*j - j + 5 = 0, -3*j - 5 = 5*x. Let m(n) = -10*n. What is m(x)?
40
Let w(a) = -20*a - 11. Let z(j) = 54*j + 34. Let g(p) = 8*w(p) + 3*z(p). Calculate g(-9).
-4
Let y(s) = -s + 2. Let l(b) = b - 12. Let q(o) = -l(o) - 2*y(o). Determine q(0).
8
Let m(s) = -2*s - 14. Let q = -5 - -9. Let i(n) = -n + 3 + 0*n + 2*n + q. Let a(t) = 9*i(t) + 4*m(t). Give a(-4).
3
Suppose c = -4*p + 33, -4*p = c - 5*c + 72. Suppose -2*m - 4*a = -a - c, -3 = -a. Let b(q) = 1 + 2*q - 10*q**3 + 6 - m. What is b(-1)?
9
Let i(t) = -17*t. Let c be 0 + 2 + (-2 - -4) + 3. Let f = c - 6. What is i(f)?
-17
Suppose -2*s - 3 + 1 = 0, 4*p = 3*s + 7. Let l(w) = p + 2 - 2. Let k(f) = f - 3. Let d(t) = 5*k(t) + 10*l(t). Determine d(4).
15
Let q = 13 - 9. Suppose -2*l = 2*j - 8, 0 = -l - q*l + 2*j + 20. Let r = 2 + l. Let m(u) = -u**3 + 7*u**2 - 7*u - 1. What is m(r)?
-7
Let t(m) = 173*m - 350*m + 180*m. Give t(3).
9
Let h(i) = 4*i + 5. Suppose 5*r + 29 = -y, -3 - 33 = y - 2*r. Let x = 27 + y. What is h(x)?
-23
Let x(d) = -9*d + 1. Let m be x(-3). Let r = -29 + m. Let w(h) = -6*h**3 + h**2 + h. Determine w(r).
6
Let k(u) = -3 - u - 10 + 9 - 2 + 3. Calculate k(-3).
0
Let r(c) = c + 7. Let d be r(-6). Let f(q) = 5*q + 4. Suppose 15 + 9 = 6*l. Let i(w) = 4*w + 3. Let t(s) = l*i(s) - 3*f(s). Calculate t(d).
1
Let b(d) = -d**2 + 13*d - 22. Let x be ((-1240)/(-558))/(4/18). Give b(x).
8
Let d = -5/16 - -45/16. Let n(j) be the first derivative of 1/3*j**3 - 6*j - d*j**2 + 4. Determine n(5).
-6
Let q(g) = 3*g - 1. Let z be q(-1). Suppose -u + 2 = 4*k - k, -4*u = 5*k - 15. Let j(s) = s**3 + 2*s**2 - 3*s**2 + u*s**2 + s. Give j(z).
-4
Let u(j) = 3*j**3 - j + 1. Suppose -4*w = -w - 6, -2*w + 34 = 5*s. Suppose -f - 5*o - 28 = 0, -2*f + 3*o = f - s. Let x be (-2 - f) + (0 - 0). Determine u(x).
3
Let c(g) be the first derivative of g**3/3 + 9*g**2/2 - 9*g - 47. Calculate c(-8).
-17
Let z(c) = 36*c + 22. Let y(n) = 5*n + 3. Let r(k) = 44*y(k) - 6*z(k). Let j(d) = d**3 + 20*d**2 + 23*d + 75. Let t be j(-19). What is r(t)?
-4
Let z = -77 - -85. Let t(q) = q**2 - 6*q - 9. Determine t(z).
7
Let r(h) = 2*h - 6. Let m(u) = 5*u - 18. Let j(p) = 3*m(p) - 8*r(p). Let n be (-2 - (-10)/6)/((-4)/(-96)). Determine j(n).
2
Suppose -9*c + 38 - 11 = 0. Let o(k) = -k - 1. What is o(c)?
-4
Let b(i) = -6*i**2 - 33*i + 13. Let w be b(-6). Let p(x) = x**2 + 6*x + 1. Give p(w).
-4
Let k(l) = -l**3 + 7*l**2 - 7*l + 4. Let z = 38 - 34. Suppose 2 = -z*b + 4*d + 10, 5*d - 10 = 0. Determine k(b).
24
Let g(o) = -o**2 - 6*o + 4. Suppose -5*v - 3*n = -2, 2*n + 3 - 1 = 0. Let p be -2 - ((-20)/(-15))/(v/3). Determine g(p).
4
Let s = -33 + 35. Let r be (-2)/(s/(-5)*10/(-8)). Let b(j) = -2*j - 6. Let m(d) = d**2 + d. Let f(q) = -b(q) + m(q). Give f(r).
10
Let u(b) = -b**2 + 2*b + 2. Suppose r - 23 = 10*k, r - 6*r - 5*k + 5 = 0. What is u(r)?
-1
Let a(t) be the first derivative of -t**4/4 + t**3/3 - 9. Let y be -1*4/(-1) + (-4 - 1). What is a(y)?
2
Let c(q) = -q. Let h(p) = 6*p - 2. Let t(o) = 5*c(o) + h(o). Give t(-1).
-3
Let y(c) = -775*c**2 - 777*c**2 + 1553*c**2 + c - 4. Let d(v) = -4*v + 4*v + 3*v + 2. Let r be d(-2). What is y(r)?
8
Let z(s) = 15*s + 2. Let h be z(-2). Let f = 699 + -669. Let m = f + h. Let t(r) = -2*r**3 + 4*r**2 - 2*r. Calculate t(m).
-4
Let o(i) = -31*i**2 - 14*i - 23. Let q(m) = -11*m**2 - 5*m - 8. Let b(l) = 6*o(l) - 17*q(l). Give b(2).
4
Let o(c) = 23*c + 32. Let k be o(-2). Let m(t) = t**3 + 14*t**2 - 4. Give m(k).
-4
Let f(k) = -k**3 - 6*k**2 - k + 2. Let n be 128/2*6/(-8). Let o = -53 - n. Give f(o).
-18
Let g(s) = -5*s**3 + s**2 - s + 1. Let i = 9 - 5. Suppose 0*u = 4*u - i. Determine g(u).
-4
Let b(g) = -g**2 - 76*g + 4*g**2 - 4*g**2 + 86*g + 4. Determine b(10).
4
Suppose 0 = -5*c + 7 + 3. Let y(s) be the first derivative of -3/2*s**2 + s**3 + 0*s - 1/4*s**4 + 2. Determine y(c).
-2
Let z(f) be the first derivative of 9*f + 0*f**2 + 20 + 1/3*f**3. Determine z(0).
9
Let h be -6 + 11 - (-2 - (-45)/3). Let u(y) = -y**3 - 9*y**2 - 8*y + 1. Calculate u(h).
1
Let a(x) = -4 - 3*x - x**3 - 4*x + 6*x**2 + 4*x. Suppose 60 = 1615*l - 1603*l. Give a(l).
6
Let s be -3 - ((-6)/(-3) - 3). Let p(i) = i**2 - 1. Let z be p(s). Suppose 0 = -z*j + 12 + 3. Let g(u) = u**2 - 6*u + 5. Give g(j).
0
Let g(k) = -3*k. Let c(x) = 5*x - 1. Let q be c(-2). Suppose o + 3*o = -i - 32, 3*i = -5*o - 61. Let l = i - q. Calculate g(l).
3
Let u(p) = -p**2 + 9*p - 5. Let g be u(9). Let i(a) be the third derivative of a**6/120 + a**5/10 + a**4/4 + 2*a**3/3 + 126*a**2 - 4*a. What is i(g)?
-1
Let b(a) be the third derivative of a**5/60 + a**4/3 + a**3 - 168*a**2. Let h be (-1)/(-1 + 2) - 6. Determine b(h).
-1
Let r(o) = -o**3 + 423*o**2 - 435*o**2 + 0*o**3 - 15 + 12*o. Give r(-13).
-2
Let m(d) = d + 20. Let z(c) = 36*c - 232. Let p be z(6). What is m(p)?
4
Let y(p) = 3*p**3 + 3*p**2 + 2*p. Let m be y(-1). Let l = m - 1. Let w(v) = 2*v - 4. Determine w(l).
-10
Let w(j) = 4*j**2 - 1. Let z = 28 - 26. Suppose -8*s + m = -3*s - 3, -3*m + 4 = -z*s. Calculate w(s).
3
Let s(v) = 14*v + 1. Let c = 28 + -27. Suppose -c - 2 = -3*y. Determine s(y).
15
Suppose -3*v - 130 = -4*k - v, 2*k = 2*v + 60. Let r(u) = -u - 33 + k - u + u. Calculate r(0).
2
Let s(b) = 3*b**2 + 1. Let r(v) be the third derivative of -v**4/24 + 4*v**3/3 - 7*v**2. Let g be r(9). Determine s(g).
4
Suppose 8*v - 5*v = 39. Let n(u) = 0 - 4*u**3 + v*u**3 + 1 + 5*u**3. Determine n(-1).
-13
Let c(a) = -a**3 + 4*a**2 + 4*a + 7. Let j be c(5). Let m(x) = x + 0 - 3 + j. What is m(1)?
0
Let v(f) be the third derivative of f**6/120 - f**5/60 + f**4/24 + 7*f**3/3 + 379*f**2. Calculate v(0).
14
Let v(z) = 12*z + 3. Let w be (-6)/(-3*12/(-18)). What is v(w)?
-33
Let q = -11 - -15. Suppose 2*a = 6*a - 16. Let j(u) = -89*u + 3*u**2 + 2 + 92*u - a*u**2. Calculate j(q).
-2
Let f be -10 + (1 - (3 + -7)). Let k(d) = -d - 4. Let j(w) = w + 3. Let u(y) = 2*j(y) + 3*k(y). Determine u(f).
-1
Let n(y) = -y**3 + 3*y**2 + 4*y - 2. Let t be 6 + 8*(-1)/2. Suppose 3*j - t*c = 103, -5*j = 5*c - 3*c - 161. Let m = 37 - j. What is n(m)?
-2
Let m = -74 + 118. Suppose 4*g - 92 = 3*y, 3*g - 3*y - 22 = m. Let d(k) = 9 - 44*k + 19*k + g*k. Determine d(-5).
4
Let o = 200 + -198. Let r(k) = -9*k + 1. Give r(o).
-17
Let g(z) = -z**2 - 6*z - 3. Let r(y) = -y**2 - 3*y - 2*y + 6*y. Let a(m) = m**3 - 14*m**2 + 14*m - 18. Let d(u) = a(u) + r(u). Let f be d(14). Give g(f).
5
Let m = -12 + 16. Let g(h) = 13 + 0*h + h - 17. Calculate g(m).
0
Let w = 27 - 26. Let c(b) = 5*b**2 - w - b - b - 5 - b**3 + 1. Give c(4).
3
Let c be 1/(-2) + (-54)/(-4). Suppose 3*t - c = -1. Let d(m) = 5*m + 17. Let x(b) = -2*b - 3. Let q(r) = d(r) + 4*x(r). Give q(t).
-7
Let o(z) = 7*z**2 - 13*z + 4. Let b(j) = 6*j**2 - 12*j + 4. Let y(g) = -6*b(g) + 5*o(g). Let q = 25 - 3. Let c = -19 + q. Calculate y(c).
8
Let o(a) = -5*a + 12 + 11 + 8*a - 22. Calculate o(-2).
-5
Let d(g) = -g**2 - 4*g + 6*g + 9 + 4*g. Let u be 5*(0 + 21/15). What is d(u)?
2
Let d(t) = -4*t - t**3 + 7*t**2 - 2*t + 6*t - 5*t - 1. Let p(b) = -b**3 - 6*b**2 + 6. Let u be p(-6). Give d(u).
5
Let r(f) = f + f + 1 + 5*f**2 - 3*f**2. Let a(p) = -2*p - 4. Let q be a(-4). Let x(n) = -2*n + 6. Let y be x(q). Determine r(y).
5
Let a be ((-102)/(-255))/((-1 + 0)/20). Let x(w) = -w**3 - 7*w**2 + 8*w - 4. What is x(a)?
-4
Let h = 4 + -5. Let r(f) = 6*f - 4*f + 5*f**2 + 296 - 295. Determine r(h).
4
Let v(j) be the third derivative of j**5/60 - j**4/8 + j**3/2 + 15*j**2 + 2*j. Let z = -1 - -5. Calculate v(z).
7
Let v(l) = -2*l - 3. Let x be 0*(3/6 + -1) + -68. Let g be 21/4 - (-4 - x/16). Give v(g).
-13
Suppose 4 = w + 10. Let x(a) = -2*a**2 + 2*a**2 + 6*a - 6 - 2*a**2 + 3*a**2. Calculate x(w).
-6
Let w(d) = -d**3 - 8*d**2 + d - 3. Let y(f) = f**3 + 34*f**2 - 34*f + 27. Let a be y(-35). What is w(a)?
-11
Suppose -11*i - 5*i + 80 = 0. Let l(f) be the third derivative of 8*f**2 + 0*f - 1/6*f**3 + 1/15*f**i + 0 + 1/120*f**6 + 1/8*f**4. Calculate l(-3).
-1
Let c(x) = 2*x**2 + 1